{"id":741,"date":"2023-09-27T14:32:55","date_gmt":"2023-09-27T14:32:55","guid":{"rendered":"https:\/\/motricidade.com\/bocciaescola\/?page_id=741"},"modified":"2023-12-02T16:48:00","modified_gmt":"2023-12-02T16:48:00","slug":"desporto-escolar-boccia-2023-2024","status":"publish","type":"page","link":"https:\/\/motricidade.com\/bocciaescola\/desporto-escolar-boccia-2023-2024\/","title":{"rendered":"Desporto Escolar Boccia 2023-2024"},"content":{"rendered":"\n<figure class=\"wp-block-image size-full is-resized\"><img loading=\"lazy\" decoding=\"async\" width=\"904\" height=\"604\" data-attachment-id=\"743\" data-permalink=\"https:\/\/motricidade.com\/bocciaescola\/desporto-escolar-boccia-2023-2024\/logode\/\" data-orig-file=\"https:\/\/i0.wp.com\/motricidade.com\/bocciaescola\/wp-content\/uploads\/2023\/09\/logoDE.png?fit=904%2C604&amp;ssl=1\" data-orig-size=\"904,604\" data-comments-opened=\"1\" data-image-meta=\"{&quot;aperture&quot;:&quot;0&quot;,&quot;credit&quot;:&quot;&quot;,&quot;camera&quot;:&quot;&quot;,&quot;caption&quot;:&quot;&quot;,&quot;created_timestamp&quot;:&quot;0&quot;,&quot;copyright&quot;:&quot;&quot;,&quot;focal_length&quot;:&quot;0&quot;,&quot;iso&quot;:&quot;0&quot;,&quot;shutter_speed&quot;:&quot;0&quot;,&quot;title&quot;:&quot;&quot;,&quot;orientation&quot;:&quot;0&quot;}\" data-image-title=\"logoDE\" data-image-description=\"\" data-image-caption=\"\" data-medium-file=\"https:\/\/i0.wp.com\/motricidade.com\/bocciaescola\/wp-content\/uploads\/2023\/09\/logoDE.png?fit=300%2C200&amp;ssl=1\" data-large-file=\"https:\/\/i0.wp.com\/motricidade.com\/bocciaescola\/wp-content\/uploads\/2023\/09\/logoDE.png?fit=904%2C604&amp;ssl=1\" src=\"https:\/\/i0.wp.com\/motricidade.com\/bocciaescola\/wp-content\/uploads\/2023\/09\/logoDE.png?resize=904%2C604&#038;ssl=1\" alt=\"\" class=\"wp-image-743\" style=\"width:226px;height:151px\" srcset=\"https:\/\/i0.wp.com\/motricidade.com\/bocciaescola\/wp-content\/uploads\/2023\/09\/logoDE.png?w=904&amp;ssl=1 904w, https:\/\/i0.wp.com\/motricidade.com\/bocciaescola\/wp-content\/uploads\/2023\/09\/logoDE.png?resize=300%2C200&amp;ssl=1 300w, https:\/\/i0.wp.com\/motricidade.com\/bocciaescola\/wp-content\/uploads\/2023\/09\/logoDE.png?resize=768%2C513&amp;ssl=1 768w\" sizes=\"auto, (max-width: 904px) 100vw, 904px\" data-recalc-dims=\"1\" \/><\/figure>\n\n\n\n<p><strong>Documentos Reguladores e Orientadores do Programa do Desporto Escolar<\/strong>:<\/p>\n\n\n\n<div class=\"wp-block-buttons is-layout-flex wp-block-buttons-is-layout-flex\">\n<div class=\"wp-block-button\"><a class=\"wp-block-button__link has-light-green-cyan-to-vivid-green-cyan-gradient-background has-background wp-element-button\" href=\"https:\/\/desportoescolar.dge.medu.pt\/sites\/default\/files\/RepositorioDocumentos\/2021\/programaestrategicode20212025.pdf\" target=\"_blank\" rel=\"noreferrer noopener\">Programa Estrat\u00e9gico do Desporto Escolar 2021-2025<\/a><\/div>\n<\/div>\n\n\n\n<div class=\"wp-block-buttons is-layout-flex wp-block-buttons-is-layout-flex\">\n<div class=\"wp-block-button\"><a class=\"wp-block-button__link has-light-green-cyan-to-vivid-green-cyan-gradient-background has-background wp-element-button\" href=\"https:\/\/desportoescolar.dge.medu.pt\/sites\/default\/files\/RepositorioDocumentos\/2023\/regulamento-de-provas-e-competicoes-do-desporto-escolar23-25.pdf\" target=\"_blank\" rel=\"noreferrer noopener\">Regulamento de Provas e Competi\u00e7\u00f5es do Desporto Escolar 2023-2025<\/a><\/div>\n<\/div>\n\n\n\n<div class=\"wp-block-buttons is-layout-flex wp-block-buttons-is-layout-flex\">\n<div class=\"wp-block-button\"><a class=\"wp-block-button__link has-light-green-cyan-to-vivid-green-cyan-gradient-background has-background wp-element-button\" href=\"https:\/\/desportoescolar.dge.medu.pt\/sites\/default\/files\/RepositorioDocumentos\/2023\/regulamento-geral-de-funcionamento-do-desporto-escolar20232024.pdf\" target=\"_blank\" rel=\"noreferrer noopener\">Regulamento Geral de Funcionamento do Desporto Escolar 2023-2024<\/a><\/div>\n<\/div>\n\n\n\n<p><strong>Regulamento de Funcionamento<\/strong>:<\/p>\n\n\n\n<div class=\"wp-block-buttons is-layout-flex wp-block-buttons-is-layout-flex\">\n<div class=\"wp-block-button\"><a class=\"wp-block-button__link has-blush-bordeaux-gradient-background has-background wp-element-button\" href=\"https:\/\/desportoescolar.dge.medu.pt\/sites\/default\/files\/RepositorioDocumentos\/2022\/regulamento-de-funcionamento-do-pnfjae-22-23_0.pdf\" target=\"_blank\" rel=\"noreferrer noopener\">Regulamento de Funcionamento do PNFJAE 2022-2023<\/a><\/div>\n<\/div>\n\n\n\n<p><strong>Regulamentos Espec\u00edficos de Modalidade<\/strong>:<\/p>\n\n\n\n<div class=\"wp-block-buttons is-layout-flex wp-block-buttons-is-layout-flex\">\n<div class=\"wp-block-button\"><a class=\"wp-block-button__link has-light-green-cyan-to-vivid-green-cyan-gradient-background has-background wp-element-button\" href=\"https:\/\/desportoescolar.dge.medu.pt\/sites\/default\/files\/RepositorioDocumentos\/2022\/reboccia_0.pdf\" target=\"_blank\" rel=\"noreferrer noopener\">Regulamento Espec\u00edfico de Boccia<\/a><\/div>\n<\/div>\n\n\n\n<p><strong>Documentos Apoio Modalidade<\/strong>:<\/p>\n\n\n\n<div class=\"wp-block-buttons is-layout-flex wp-block-buttons-is-layout-flex\">\n<div class=\"wp-block-button\"><a class=\"wp-block-button__link has-blush-bordeaux-gradient-background has-background wp-element-button\" href=\"https:\/\/desportoescolar.dge.medu.pt\/sites\/default\/files\/RepositorioDocumentos\/2023\/nivel1docapoioprofgeboccia.pdf\">Boccia Documentos Apoio Professor<br>GE N\u00edvel.1 (PNFJAE) (pdf)<\/a><\/div>\n<\/div>\n\n\n\n<p><strong>Documento Apoio Competi\u00e7\u00e3o:<\/strong><\/p>\n\n\n\n<div class=\"wp-block-buttons is-layout-flex wp-block-buttons-is-layout-flex\">\n<div class=\"wp-block-button\"><a class=\"wp-block-button__link has-light-green-cyan-to-vivid-green-cyan-gradient-background has-background wp-element-button\" href=\"https:\/\/desportoescolar.dge.medu.pt\/sites\/default\/files\/RepositorioDocumentos\/2022\/regras-de-boccia.pdf\" target=\"_blank\" rel=\"noreferrer noopener\">Regras de Boccia<\/a><\/div>\n\n\n\n<div class=\"wp-block-button\"><a class=\"wp-block-button__link has-light-green-cyan-to-vivid-green-cyan-gradient-background has-background wp-element-button\" href=\"https:\/\/desportoescolar.dge.medu.pt\/sites\/default\/files\/RepositorioDocumentos\/2023\/regulamentocartaobrancofairplay.pdf\" target=\"_blank\" rel=\"noreferrer noopener\">Regulamento Cart\u00e3o Branco Fair Paly<\/a><\/div>\n<\/div>\n\n\n\n<p><strong>Outros:<\/strong><\/p>\n\n\n\n<div class=\"wp-block-buttons is-layout-flex wp-block-buttons-is-layout-flex\">\n<div class=\"wp-block-button\"><a class=\"wp-block-button__link has-blush-bordeaux-gradient-background has-background wp-element-button\" href=\"https:\/\/desportoescolar.dge.medu.pt\/sites\/default\/files\/RepositorioDocumentos\/2023\/autorizacaodoencarregadodeeducacaoparainsercaodoseueducandoemprotocolodecooperacaoeditavel0.pdf\" target=\"_blank\" rel=\"noreferrer noopener\">Autoriza\u00e7\u00e3o do encarregado de educa\u00e7\u00e3o <br>para inser\u00e7\u00e3o do seu educando em protocolo de coopera\u00e7\u00e3o edit\u00e1vel<\/a><\/div>\n\n\n\n<div class=\"wp-block-button\"><a class=\"wp-block-button__link has-blush-bordeaux-gradient-background has-background wp-element-button\" href=\"https:\/\/desportoescolar.dge.medu.pt\/sites\/default\/files\/RepositorioDocumentos\/2022\/dados-geraispnfjae2122.pdf\" target=\"_blank\" rel=\"noreferrer noopener\">Dados Gerais PNFJAE 2021-2022<\/a><\/div>\n\n\n\n<div class=\"wp-block-button is-style-fill\"><a class=\"wp-block-button__link has-blush-bordeaux-gradient-background has-background wp-element-button\" href=\"https:\/\/desportoescolar.dge.medu.pt\/sites\/default\/files\/RepositorioDocumentos\/2023\/de2223declaracaodeconsentimentopreviodotitulardosdadospessoaiseditavel.pdf\" target=\"_blank\" rel=\"noreferrer noopener\">Declara\u00e7\u00e3o de consentimento pr\u00e9vio do titular dos dados pessoais edit\u00e1vel<\/a><\/div>\n\n\n\n<div class=\"wp-block-button\"><a class=\"wp-block-button__link has-blush-bordeaux-gradient-background has-background wp-element-button\" href=\"https:\/\/desportoescolar.dge.medu.pt\/sites\/default\/files\/RepositorioDocumentos\/2022\/modelo-formativopnfjae.pdf\" target=\"_blank\" rel=\"noreferrer noopener\">Modelo Formativo PNFJAE<\/a><\/div>\n<\/div>\n<div class=\"pvc_clear\"><\/div><p id=\"pvc_stats_741\" class=\"pvc_stats all  \" data-element-id=\"741\" style=\"\"><i class=\"pvc-stats-icon medium\" aria-hidden=\"true\"><svg aria-hidden=\"true\" focusable=\"false\" data-prefix=\"far\" data-icon=\"chart-bar\" role=\"img\" xmlns=\"http:\/\/www.w3.org\/2000\/svg\" viewBox=\"0 0 512 512\" class=\"svg-inline--fa fa-chart-bar fa-w-16 fa-2x\"><path fill=\"currentColor\" d=\"M396.8 352h22.4c6.4 0 12.8-6.4 12.8-12.8V108.8c0-6.4-6.4-12.8-12.8-12.8h-22.4c-6.4 0-12.8 6.4-12.8 12.8v230.4c0 6.4 6.4 12.8 12.8 12.8zm-192 0h22.4c6.4 0 12.8-6.4 12.8-12.8V140.8c0-6.4-6.4-12.8-12.8-12.8h-22.4c-6.4 0-12.8 6.4-12.8 12.8v198.4c0 6.4 6.4 12.8 12.8 12.8zm96 0h22.4c6.4 0 12.8-6.4 12.8-12.8V204.8c0-6.4-6.4-12.8-12.8-12.8h-22.4c-6.4 0-12.8 6.4-12.8 12.8v134.4c0 6.4 6.4 12.8 12.8 12.8zM496 400H48V80c0-8.84-7.16-16-16-16H16C7.16 64 0 71.16 0 80v336c0 17.67 14.33 32 32 32h464c8.84 0 16-7.16 16-16v-16c0-8.84-7.16-16-16-16zm-387.2-48h22.4c6.4 0 12.8-6.4 12.8-12.8v-70.4c0-6.4-6.4-12.8-12.8-12.8h-22.4c-6.4 0-12.8 6.4-12.8 12.8v70.4c0 6.4 6.4 12.8 12.8 12.8z\" class=\"\"><\/path><\/svg><\/i> <img loading=\"lazy\" decoding=\"async\" width=\"16\" height=\"16\" alt=\"Loading\" src=\"https:\/\/i0.wp.com\/motricidade.com\/bocciaescola\/wp-content\/plugins\/page-views-count\/ajax-loader-2x.gif?resize=16%2C16&#038;ssl=1\" border=0 data-recalc-dims=\"1\" \/><\/p><div class=\"pvc_clear\"><\/div>","protected":false},"excerpt":{"rendered":"<p>Desporto Escolar Boccia, documentos oficiais 2023-2024<\/p>\n<div class=\"pvc_clear\"><\/div>\n<p id=\"pvc_stats_741\" class=\"pvc_stats all  \" data-element-id=\"741\" style=\"\"><i class=\"pvc-stats-icon medium\" aria-hidden=\"true\"><svg aria-hidden=\"true\" focusable=\"false\" data-prefix=\"far\" data-icon=\"chart-bar\" role=\"img\" xmlns=\"http:\/\/www.w3.org\/2000\/svg\" viewBox=\"0 0 512 512\" class=\"svg-inline--fa fa-chart-bar fa-w-16 fa-2x\"><path fill=\"currentColor\" d=\"M396.8 352h22.4c6.4 0 12.8-6.4 12.8-12.8V108.8c0-6.4-6.4-12.8-12.8-12.8h-22.4c-6.4 0-12.8 6.4-12.8 12.8v230.4c0 6.4 6.4 12.8 12.8 12.8zm-192 0h22.4c6.4 0 12.8-6.4 12.8-12.8V140.8c0-6.4-6.4-12.8-12.8-12.8h-22.4c-6.4 0-12.8 6.4-12.8 12.8v198.4c0 6.4 6.4 12.8 12.8 12.8zm96 0h22.4c6.4 0 12.8-6.4 12.8-12.8V204.8c0-6.4-6.4-12.8-12.8-12.8h-22.4c-6.4 0-12.8 6.4-12.8 12.8v134.4c0 6.4 6.4 12.8 12.8 12.8zM496 400H48V80c0-8.84-7.16-16-16-16H16C7.16 64 0 71.16 0 80v336c0 17.67 14.33 32 32 32h464c8.84 0 16-7.16 16-16v-16c0-8.84-7.16-16-16-16zm-387.2-48h22.4c6.4 0 12.8-6.4 12.8-12.8v-70.4c0-6.4-6.4-12.8-12.8-12.8h-22.4c-6.4 0-12.8 6.4-12.8 12.8v70.4c0 6.4 6.4 12.8 12.8 12.8z\" class=\"\"><\/path><\/svg><\/i> <img loading=\"lazy\" decoding=\"async\" width=\"16\" height=\"16\" alt=\"Loading\" src=\"https:\/\/motricidade.com\/bocciaescola\/wp-content\/plugins\/page-views-count\/ajax-loader-2x.gif\" border=0 \/><\/p>\n<div class=\"pvc_clear\"><\/div>\n","protected":false},"author":1,"featured_media":0,"parent":0,"menu_order":0,"comment_status":"closed","ping_status":"closed","template":"","meta":{"_uag_custom_page_level_css":"","advanced_seo_description":"","jetpack_seo_html_title":"","jetpack_seo_noindex":false,"footnotes":""},"class_list":["post-741","page","type-page","status-publish","hentry"],"uagb_featured_image_src":{"full":false,"thumbnail":false,"medium":false,"medium_large":false,"large":false,"1536x1536":false,"2048x2048":false},"uagb_author_info":{"display_name":"motricidade","author_link":"https:\/\/motricidade.com\/bocciaescola\/author\/motricidade\/"},"uagb_comment_info":0,"uagb_excerpt":"Desporto Escolar Boccia, documentos oficiais 2023-2024","jetpack-related-posts":[],"jetpack_sharing_enabled":true,"_links":{"self":[{"href":"https:\/\/motricidade.com\/bocciaescola\/wp-json\/wp\/v2\/pages\/741","targetHints":{"allow":["GET"]}}],"collection":[{"href":"https:\/\/motricidade.com\/bocciaescola\/wp-json\/wp\/v2\/pages"}],"about":[{"href":"https:\/\/motricidade.com\/bocciaescola\/wp-json\/wp\/v2\/types\/page"}],"author":[{"embeddable":true,"href":"https:\/\/motricidade.com\/bocciaescola\/wp-json\/wp\/v2\/users\/1"}],"replies":[{"embeddable":true,"href":"https:\/\/motricidade.com\/bocciaescola\/wp-json\/wp\/v2\/comments?post=741"}],"version-history":[{"count":5,"href":"https:\/\/motricidade.com\/bocciaescola\/wp-json\/wp\/v2\/pages\/741\/revisions"}],"predecessor-version":[{"id":830,"href":"https:\/\/motricidade.com\/bocciaescola\/wp-json\/wp\/v2\/pages\/741\/revisions\/830"}],"wp:attachment":[{"href":"https:\/\/motricidade.com\/bocciaescola\/wp-json\/wp\/v2\/media?parent=741"}],"curies":[{"name":"wp","href":"https:\/\/api.w.org\/{rel}","templated":true}]}}