{"id":789,"date":"2023-12-02T15:41:30","date_gmt":"2023-12-02T15:41:30","guid":{"rendered":"https:\/\/motricidade.com\/bocciaescola\/?page_id=789"},"modified":"2023-12-02T16:42:56","modified_gmt":"2023-12-02T16:42:56","slug":"ultimas-noticias","status":"publish","type":"page","link":"https:\/\/motricidade.com\/bocciaescola\/ultimas-noticias\/","title":{"rendered":"\u00daltimas Not\u00edcias"},"content":{"rendered":"\n<p><\/p>\n\n\n\n\t\t\t<div class=\"wp-block-uagb-post-carousel uagb-post-grid  uagb-post__image-position-top uagb-post__image-enabled uagb-block-12e9a5ce     uagb-post__arrow-outside uagb-slick-carousel uagb-post__items uagb-post__columns-2 is-carousel uagb-post__columns-tablet-2 uagb-post__columns-mobile-1\" data-total=\"14\" style=\"\">\n\n\t\t\t\t\t\t\t\t\t\t\t\t<article class=\"uagb-post__inner-wrap\">\t\t\t\t\t\t\t\t<div class='uagb-post__image'>\n\t\t\t\t\t\t\t\t\t<a href=\"https:\/\/motricidade.com\/bocciaescola\/2024\/06\/08\/boccia-recordacao-do-campeonato-nacional-2024-algarve\/\" target=\"_self\" rel=\"bookmark noopener noreferrer\"><img loading=\"lazy\" decoding=\"async\" width=\"1024\" height=\"576\" src=\"https:\/\/i0.wp.com\/motricidade.com\/bocciaescola\/wp-content\/uploads\/2024\/06\/MotricidadeBoccia2024CNE.jpg?fit=1024%2C576&amp;ssl=1\" class=\"attachment-large size-large\" alt=\"\" srcset=\"https:\/\/i0.wp.com\/motricidade.com\/bocciaescola\/wp-content\/uploads\/2024\/06\/MotricidadeBoccia2024CNE.jpg?w=1920&amp;ssl=1 1920w, https:\/\/i0.wp.com\/motricidade.com\/bocciaescola\/wp-content\/uploads\/2024\/06\/MotricidadeBoccia2024CNE.jpg?resize=300%2C169&amp;ssl=1 300w, https:\/\/i0.wp.com\/motricidade.com\/bocciaescola\/wp-content\/uploads\/2024\/06\/MotricidadeBoccia2024CNE.jpg?resize=1024%2C576&amp;ssl=1 1024w, https:\/\/i0.wp.com\/motricidade.com\/bocciaescola\/wp-content\/uploads\/2024\/06\/MotricidadeBoccia2024CNE.jpg?resize=768%2C432&amp;ssl=1 768w, https:\/\/i0.wp.com\/motricidade.com\/bocciaescola\/wp-content\/uploads\/2024\/06\/MotricidadeBoccia2024CNE.jpg?resize=1536%2C864&amp;ssl=1 1536w\" sizes=\"auto, (max-width: 1024px) 100vw, 1024px\" data-attachment-id=\"883\" data-permalink=\"https:\/\/motricidade.com\/bocciaescola\/2024\/06\/08\/boccia-recordacao-do-campeonato-nacional-2024-algarve\/motricidadeboccia2024cne\/\" data-orig-file=\"https:\/\/i0.wp.com\/motricidade.com\/bocciaescola\/wp-content\/uploads\/2024\/06\/MotricidadeBoccia2024CNE.jpg?fit=1920%2C1080&amp;ssl=1\" data-orig-size=\"1920,1080\" data-comments-opened=\"1\" data-image-meta=\"{&quot;aperture&quot;:&quot;0&quot;,&quot;credit&quot;:&quot;&quot;,&quot;camera&quot;:&quot;&quot;,&quot;caption&quot;:&quot;&quot;,&quot;created_timestamp&quot;:&quot;0&quot;,&quot;copyright&quot;:&quot;&quot;,&quot;focal_length&quot;:&quot;0&quot;,&quot;iso&quot;:&quot;0&quot;,&quot;shutter_speed&quot;:&quot;0&quot;,&quot;title&quot;:&quot;&quot;,&quot;orientation&quot;:&quot;1&quot;}\" data-image-title=\"MotricidadeBoccia2024CNE\" data-image-description=\"\" data-image-caption=\"\" data-medium-file=\"https:\/\/i0.wp.com\/motricidade.com\/bocciaescola\/wp-content\/uploads\/2024\/06\/MotricidadeBoccia2024CNE.jpg?fit=300%2C169&amp;ssl=1\" data-large-file=\"https:\/\/i0.wp.com\/motricidade.com\/bocciaescola\/wp-content\/uploads\/2024\/06\/MotricidadeBoccia2024CNE.jpg?fit=1024%2C576&amp;ssl=1\" \/>\t\t\t\t\t<\/a>\n\t\t\t\t\t\t\t\t\t<\/div>\n\t\t\t\t\t\t<h4 class=\"uagb-post__title uagb-post__text\">\n\t\t\t\t<a href=\"https:\/\/motricidade.com\/bocciaescola\/2024\/06\/08\/boccia-recordacao-do-campeonato-nacional-2024-algarve\/\" target=\"_self\" rel=\"bookmark noopener noreferrer\">Boccia &#8211; Recorda\u00e7\u00e3o do Campeonato Nacional &#8211; 2024 &#8211; Algarve<\/a>\n\t\t\t<\/h4>\n\t\t\t\t\t\t<div class='uagb-post__text uagb-post-grid-byline'>\n\t\t\t\t\t\t\t\t<time datetime=\"2024-06-08T18:56:04+00:00\" class=\"uagb-post__date\">\n\t\t\t\t<span class=\"dashicons-calendar dashicons\"><\/span>\t\t\t\t\tJunho 8, 2024\t\t\t\t<\/time>\n\t\t\t\t\t\t<\/div>\n\t\t\t\t\t\t\t<div class='uagb-post__text uagb-post__excerpt'>\n\t\t\t\t\t<p>https:\/\/www.youtube.com\/watch?v=hKM9IHaktAw<\/p>\n<div class=\"pvc_clear\"><\/div>\n<p id=\"pvc_stats_880\" class=\"pvc_stats all  \" data-element-id=\"880\"><i class=\"pvc-stats-icon medium\" aria-hidden=\"true\">&lt;svg aria-hidden=&quot;true&quot; focusable=&quot;false&quot; data-prefix=&quot;far&quot;&#8230;\t\t\t\t<\/div>\n\t\t\t\t\t\t<div class=\"uagb-post__text uagb-post__cta wp-block-button\">\n\t\t\t\t<a class=\"wp-block-button__link uagb-text-link\" href=\"https:\/\/motricidade.com\/bocciaescola\/2024\/06\/08\/boccia-recordacao-do-campeonato-nacional-2024-algarve\/\" target=\"_self\" rel=\"bookmark noopener noreferrer\">Ler aqui&#8230;<\/a>\n\t\t\t<\/div>\n\t\t\t\t\t\t\t\t\t\t\t\t<\/article>\n\t\t\t\t\t\t\t\t\t\t\t\t\t\t\t\t<article class=\"uagb-post__inner-wrap\">\t\t\t\t\t\t\t\t<div class='uagb-post__image'>\n\t\t\t\t\t\t\t\t\t<a href=\"https:\/\/motricidade.com\/bocciaescola\/2024\/05\/04\/quadro-electronico-com-contagem-regressiva-e-pontuacao-do-parcial\/\" target=\"_self\" rel=\"bookmark noopener noreferrer\"><img loading=\"lazy\" decoding=\"async\" width=\"1024\" height=\"576\" src=\"https:\/\/i0.wp.com\/motricidade.com\/bocciaescola\/wp-content\/uploads\/2024\/05\/MotricidadeBoccia2024SofQe.jpg?fit=1024%2C576&amp;ssl=1\" class=\"attachment-large size-large\" alt=\"\" srcset=\"https:\/\/i0.wp.com\/motricidade.com\/bocciaescola\/wp-content\/uploads\/2024\/05\/MotricidadeBoccia2024SofQe.jpg?w=1920&amp;ssl=1 1920w, https:\/\/i0.wp.com\/motricidade.com\/bocciaescola\/wp-content\/uploads\/2024\/05\/MotricidadeBoccia2024SofQe.jpg?resize=300%2C169&amp;ssl=1 300w, https:\/\/i0.wp.com\/motricidade.com\/bocciaescola\/wp-content\/uploads\/2024\/05\/MotricidadeBoccia2024SofQe.jpg?resize=1024%2C576&amp;ssl=1 1024w, https:\/\/i0.wp.com\/motricidade.com\/bocciaescola\/wp-content\/uploads\/2024\/05\/MotricidadeBoccia2024SofQe.jpg?resize=768%2C432&amp;ssl=1 768w, https:\/\/i0.wp.com\/motricidade.com\/bocciaescola\/wp-content\/uploads\/2024\/05\/MotricidadeBoccia2024SofQe.jpg?resize=1536%2C864&amp;ssl=1 1536w\" sizes=\"auto, (max-width: 1024px) 100vw, 1024px\" data-attachment-id=\"884\" data-permalink=\"https:\/\/motricidade.com\/bocciaescola\/2024\/05\/04\/quadro-electronico-com-contagem-regressiva-e-pontuacao-do-parcial\/motricidadeboccia2024sofqe\/\" data-orig-file=\"https:\/\/i0.wp.com\/motricidade.com\/bocciaescola\/wp-content\/uploads\/2024\/05\/MotricidadeBoccia2024SofQe.jpg?fit=1920%2C1080&amp;ssl=1\" data-orig-size=\"1920,1080\" data-comments-opened=\"1\" data-image-meta=\"{&quot;aperture&quot;:&quot;0&quot;,&quot;credit&quot;:&quot;&quot;,&quot;camera&quot;:&quot;&quot;,&quot;caption&quot;:&quot;&quot;,&quot;created_timestamp&quot;:&quot;0&quot;,&quot;copyright&quot;:&quot;&quot;,&quot;focal_length&quot;:&quot;0&quot;,&quot;iso&quot;:&quot;0&quot;,&quot;shutter_speed&quot;:&quot;0&quot;,&quot;title&quot;:&quot;&quot;,&quot;orientation&quot;:&quot;1&quot;}\" data-image-title=\"MotricidadeBoccia2024SofQe\" data-image-description=\"\" data-image-caption=\"\" data-medium-file=\"https:\/\/i0.wp.com\/motricidade.com\/bocciaescola\/wp-content\/uploads\/2024\/05\/MotricidadeBoccia2024SofQe.jpg?fit=300%2C169&amp;ssl=1\" data-large-file=\"https:\/\/i0.wp.com\/motricidade.com\/bocciaescola\/wp-content\/uploads\/2024\/05\/MotricidadeBoccia2024SofQe.jpg?fit=1024%2C576&amp;ssl=1\" \/>\t\t\t\t\t<\/a>\n\t\t\t\t\t\t\t\t\t<\/div>\n\t\t\t\t\t\t<h4 class=\"uagb-post__title uagb-post__text\">\n\t\t\t\t<a href=\"https:\/\/motricidade.com\/bocciaescola\/2024\/05\/04\/quadro-electronico-com-contagem-regressiva-e-pontuacao-do-parcial\/\" target=\"_self\" rel=\"bookmark noopener noreferrer\">Quadro Electr\u00f3nico com contagem regressiva e pontua\u00e7\u00e3o do parcial<\/a>\n\t\t\t<\/h4>\n\t\t\t\t\t\t<div class='uagb-post__text uagb-post-grid-byline'>\n\t\t\t\t\t\t\t\t<time datetime=\"2024-05-04T10:04:42+00:00\" class=\"uagb-post__date\">\n\t\t\t\t<span class=\"dashicons-calendar dashicons\"><\/span>\t\t\t\t\tMaio 4, 2024\t\t\t\t<\/time>\n\t\t\t\t\t\t<\/div>\n\t\t\t\t\t\t\t<div class='uagb-post__text uagb-post__excerpt'>\n\t\t\t\t\t<p>Para fazer download dos documentos apresentados na forma\u00e7\u00e3o, apenas precisam de preencher um breve formul\u00e1rio&#8230;.\t\t\t\t<\/div>\n\t\t\t\t\t\t<div class=\"uagb-post__text uagb-post__cta wp-block-button\">\n\t\t\t\t<a class=\"wp-block-button__link uagb-text-link\" href=\"https:\/\/motricidade.com\/bocciaescola\/2024\/05\/04\/quadro-electronico-com-contagem-regressiva-e-pontuacao-do-parcial\/\" target=\"_self\" rel=\"bookmark noopener noreferrer\">Ler aqui&#8230;<\/a>\n\t\t\t<\/div>\n\t\t\t\t\t\t\t\t\t\t\t\t<\/article>\n\t\t\t\t\t\t\t\t\t\t\t\t\t\t\t\t<article class=\"uagb-post__inner-wrap\">\t\t\t\t\t\t\t\t<div class='uagb-post__image'>\n\t\t\t\t\t\t\t\t\t<a href=\"https:\/\/motricidade.com\/bocciaescola\/2023\/12\/03\/manuais-de-atividade-fisica-adaptada\/\" target=\"_self\" rel=\"bookmark noopener noreferrer\"><img loading=\"lazy\" decoding=\"async\" width=\"1024\" height=\"576\" src=\"https:\/\/i0.wp.com\/motricidade.com\/wp-content\/uploads\/2023\/11\/Motricidade2023ManuaisAtvFisicaAdaptada-1024x576.jpg?resize=1024%2C576&#038;ssl=1\" class=\"attachment-large size-large\" alt=\"\" data-attachment-id=\"859\" data-permalink=\"https:\/\/motricidade.com\/bocciaescola\/2023\/12\/03\/manuais-de-atividade-fisica-adaptada\/\/\" data-orig-file=\"https:\/\/i0.wp.com\/motricidade.com\/wp-content\/uploads\/2023\/11\/Motricidade2023ManuaisAtvFisicaAdaptada-1024x576.jpg?resize=1024%2C576&#038;ssl=1\" data-orig-size=\"1024,576\" data-comments-opened=\"1\" data-image-meta=\"[]\" data-image-title=\"\" data-image-description=\"\" data-image-caption=\"\" data-medium-file=\"https:\/\/i0.wp.com\/motricidade.com\/wp-content\/uploads\/2023\/11\/Motricidade2023ManuaisAtvFisicaAdaptada-1024x576.jpg?resize=1024%2C576&#038;ssl=1\" data-large-file=\"https:\/\/i0.wp.com\/motricidade.com\/wp-content\/uploads\/2023\/11\/Motricidade2023ManuaisAtvFisicaAdaptada-1024x576.jpg?resize=1024%2C576&#038;ssl=1\" data-recalc-dims=\"1\" \/>\t\t\t\t\t<\/a>\n\t\t\t\t\t\t\t\t\t<\/div>\n\t\t\t\t\t\t<h4 class=\"uagb-post__title uagb-post__text\">\n\t\t\t\t<a href=\"https:\/\/motricidade.com\/bocciaescola\/2023\/12\/03\/manuais-de-atividade-fisica-adaptada\/\" target=\"_self\" rel=\"bookmark noopener noreferrer\">Manuais de Atividade F\u00edsica Adaptada<\/a>\n\t\t\t<\/h4>\n\t\t\t\t\t\t<div class='uagb-post__text uagb-post-grid-byline'>\n\t\t\t\t\t\t\t\t<time datetime=\"2023-12-03T12:04:01+00:00\" class=\"uagb-post__date\">\n\t\t\t\t<span class=\"dashicons-calendar dashicons\"><\/span>\t\t\t\t\tDezembro 3, 2023\t\t\t\t<\/time>\n\t\t\t\t\t\t<\/div>\n\t\t\t\t\t\t\t<div class='uagb-post__text uagb-post__excerpt'>\n\t\t\t\t\t<p>Manuais de Atividade F\u00edsica Adaptada Esta cole\u00e7\u00e3o procura dar resposta \u00e0 escassez de recursos para&#8230;\t\t\t\t<\/div>\n\t\t\t\t\t\t<div class=\"uagb-post__text uagb-post__cta wp-block-button\">\n\t\t\t\t<a class=\"wp-block-button__link uagb-text-link\" href=\"https:\/\/motricidade.com\/bocciaescola\/2023\/12\/03\/manuais-de-atividade-fisica-adaptada\/\" target=\"_self\" rel=\"bookmark noopener noreferrer\">Ler aqui&#8230;<\/a>\n\t\t\t<\/div>\n\t\t\t\t\t\t\t\t\t\t\t\t<\/article>\n\t\t\t\t\t\t\t\t\t\t\t\t\t\t\t\t<article class=\"uagb-post__inner-wrap\">\t\t\t\t\t\t\t\t<div class='uagb-post__image'>\n\t\t\t\t\t\t\t\t\t<a href=\"https:\/\/motricidade.com\/bocciaescola\/2023\/10\/22\/informar-e-desenvolver-para-incluir\/\" target=\"_self\" rel=\"bookmark noopener noreferrer\"><img loading=\"lazy\" decoding=\"async\" width=\"1024\" height=\"576\" src=\"https:\/\/i0.wp.com\/motricidade.com\/bocciaescola\/wp-content\/uploads\/2023\/12\/Motricidade-Boccia-2023-Incluir-Leao.jpg?resize=1024%2C576&#038;ssl=1\" class=\"attachment-large size-large\" alt=\"\" data-attachment-id=\"824\" data-permalink=\"https:\/\/motricidade.com\/bocciaescola\/2023\/10\/22\/informar-e-desenvolver-para-incluir\/\/\" data-orig-file=\"https:\/\/i0.wp.com\/motricidade.com\/bocciaescola\/wp-content\/uploads\/2023\/12\/Motricidade-Boccia-2023-Incluir-Leao.jpg?resize=1024%2C576&#038;ssl=1\" data-orig-size=\"1024,576\" data-comments-opened=\"1\" data-image-meta=\"[]\" data-image-title=\"\" data-image-description=\"\" data-image-caption=\"\" data-medium-file=\"https:\/\/i0.wp.com\/motricidade.com\/bocciaescola\/wp-content\/uploads\/2023\/12\/Motricidade-Boccia-2023-Incluir-Leao.jpg?resize=1024%2C576&#038;ssl=1\" data-large-file=\"https:\/\/i0.wp.com\/motricidade.com\/bocciaescola\/wp-content\/uploads\/2023\/12\/Motricidade-Boccia-2023-Incluir-Leao.jpg?resize=1024%2C576&#038;ssl=1\" data-recalc-dims=\"1\" \/>\t\t\t\t\t<\/a>\n\t\t\t\t\t\t\t\t\t<\/div>\n\t\t\t\t\t\t<h4 class=\"uagb-post__title uagb-post__text\">\n\t\t\t\t<a href=\"https:\/\/motricidade.com\/bocciaescola\/2023\/10\/22\/informar-e-desenvolver-para-incluir\/\" target=\"_self\" rel=\"bookmark noopener noreferrer\">Filme: (In)formar e (Des)envolver para incluir<\/a>\n\t\t\t<\/h4>\n\t\t\t\t\t\t<div class='uagb-post__text uagb-post-grid-byline'>\n\t\t\t\t\t\t\t\t<time datetime=\"2023-10-22T15:01:09+00:00\" class=\"uagb-post__date\">\n\t\t\t\t<span class=\"dashicons-calendar dashicons\"><\/span>\t\t\t\t\tOutubro 22, 2023\t\t\t\t<\/time>\n\t\t\t\t\t\t<\/div>\n\t\t\t\t\t\t\t<div class='uagb-post__text uagb-post__excerpt'>\n\t\t\t\t\t<p>https:\/\/youtu.be\/7Sqz1irwiUo Objetivos a atingir: &#8211; Sensibilizar os professores e t\u00e9cnicos para a import\u00e2ncia da operacionaliza\u00e7\u00e3o&#8230;\t\t\t\t<\/div>\n\t\t\t\t\t\t<div class=\"uagb-post__text uagb-post__cta wp-block-button\">\n\t\t\t\t<a class=\"wp-block-button__link uagb-text-link\" href=\"https:\/\/motricidade.com\/bocciaescola\/2023\/10\/22\/informar-e-desenvolver-para-incluir\/\" target=\"_self\" rel=\"bookmark noopener noreferrer\">Ler aqui&#8230;<\/a>\n\t\t\t<\/div>\n\t\t\t\t\t\t\t\t\t\t\t\t<\/article>\n\t\t\t\t\t\t\t\t\t\t\t<\/div>\n\t\t\t\n\n\n<p><strong>Informa\u00e7\u00e3o arrumada por m\u00eas e por categorias\/temas:<\/strong><\/p>\n\n\n\n<div class=\"wp-block-uagb-container uagb-block-3a13ab8c alignfull uagb-is-root-container\"><div class=\"uagb-container-inner-blocks-wrap\">\n<div class=\"wp-block-uagb-container uagb-block-d459814a\"><ul class=\"wp-block-archives-list wp-block-archives\">\t<li><a href='https:\/\/motricidade.com\/bocciaescola\/2024\/06\/'>Junho 2024<\/a><\/li>\n\t<li><a href='https:\/\/motricidade.com\/bocciaescola\/2024\/05\/'>Maio 2024<\/a><\/li>\n\t<li><a href='https:\/\/motricidade.com\/bocciaescola\/2023\/12\/'>Dezembro 2023<\/a><\/li>\n\t<li><a href='https:\/\/motricidade.com\/bocciaescola\/2023\/10\/'>Outubro 2023<\/a><\/li>\n\t<li><a href='https:\/\/motricidade.com\/bocciaescola\/2023\/09\/'>Setembro 2023<\/a><\/li>\n\t<li><a href='https:\/\/motricidade.com\/bocciaescola\/2023\/06\/'>Junho 2023<\/a><\/li>\n\t<li><a href='https:\/\/motricidade.com\/bocciaescola\/2023\/05\/'>Maio 2023<\/a><\/li>\n\t<li><a href='https:\/\/motricidade.com\/bocciaescola\/2022\/12\/'>Dezembro 2022<\/a><\/li>\n\t<li><a href='https:\/\/motricidade.com\/bocciaescola\/2022\/10\/'>Outubro 2022<\/a><\/li>\n\t<li><a href='https:\/\/motricidade.com\/bocciaescola\/2022\/09\/'>Setembro 2022<\/a><\/li>\n<\/ul><\/div>\n\n\n\n<div class=\"wp-block-uagb-container uagb-block-5026fd2e\"><ul class=\"wp-block-categories-list wp-block-categories\">\t<li class=\"cat-item cat-item-96\"><a href=\"https:\/\/motricidade.com\/bocciaescola\/category\/arbitragem-formacao-de-arbitros\/\">Arbitragem (Forma\u00e7\u00e3o de \u00c1rbitros)<\/a>\n<\/li>\n\t<li class=\"cat-item cat-item-94\"><a href=\"https:\/\/motricidade.com\/bocciaescola\/category\/clde-coimbra\/\">CLDE Coimbra<\/a>\n<\/li>\n\t<li class=\"cat-item cat-item-134\"><a href=\"https:\/\/motricidade.com\/bocciaescola\/category\/desporto-adaptado\/\">Desporto Adaptado<\/a>\n<\/li>\n\t<li class=\"cat-item cat-item-97\"><a href=\"https:\/\/motricidade.com\/bocciaescola\/category\/formacao\/\">Forma\u00e7\u00e3o<\/a>\n<\/li>\n\t<li class=\"cat-item cat-item-99\"><a href=\"https:\/\/motricidade.com\/bocciaescola\/category\/jogos-e-estrategias\/\">Jogos e Estrat\u00e9gias<\/a>\n<\/li>\n\t<li class=\"cat-item cat-item-108\"><a href=\"https:\/\/motricidade.com\/bocciaescola\/category\/programas\/\">Programas<\/a>\n<\/li>\n\t<li class=\"cat-item cat-item-93\"><a href=\"https:\/\/motricidade.com\/bocciaescola\/category\/regulamentos\/\">Regulamentos<\/a>\n<\/li>\n\t<li class=\"cat-item cat-item-125\"><a href=\"https:\/\/motricidade.com\/bocciaescola\/category\/software\/\">Software<\/a>\n<\/li>\n\t<li class=\"cat-item cat-item-100\"><a href=\"https:\/\/motricidade.com\/bocciaescola\/category\/tecnica-e-tatica\/\">T\u00e9cnica e T\u00e1tica<\/a>\n<\/li>\n\t<li class=\"cat-item cat-item-141\"><a href=\"https:\/\/motricidade.com\/bocciaescola\/category\/torneio-encontros\/\">Torneio \/ Encontros<\/a>\n<\/li>\n\t<li class=\"cat-item cat-item-95\"><a href=\"https:\/\/motricidade.com\/bocciaescola\/category\/videos-e-fotos\/\">V\u00eddeos e Fotos<\/a>\n<\/li>\n<\/ul><\/div>\n<\/div><\/div>\n<div class=\"pvc_clear\"><\/div><p id=\"pvc_stats_789\" class=\"pvc_stats all  \" data-element-id=\"789\" style=\"\"><i class=\"pvc-stats-icon medium\" aria-hidden=\"true\"><svg aria-hidden=\"true\" focusable=\"false\" data-prefix=\"far\" data-icon=\"chart-bar\" role=\"img\" xmlns=\"http:\/\/www.w3.org\/2000\/svg\" viewBox=\"0 0 512 512\" class=\"svg-inline--fa fa-chart-bar fa-w-16 fa-2x\"><path fill=\"currentColor\" d=\"M396.8 352h22.4c6.4 0 12.8-6.4 12.8-12.8V108.8c0-6.4-6.4-12.8-12.8-12.8h-22.4c-6.4 0-12.8 6.4-12.8 12.8v230.4c0 6.4 6.4 12.8 12.8 12.8zm-192 0h22.4c6.4 0 12.8-6.4 12.8-12.8V140.8c0-6.4-6.4-12.8-12.8-12.8h-22.4c-6.4 0-12.8 6.4-12.8 12.8v198.4c0 6.4 6.4 12.8 12.8 12.8zm96 0h22.4c6.4 0 12.8-6.4 12.8-12.8V204.8c0-6.4-6.4-12.8-12.8-12.8h-22.4c-6.4 0-12.8 6.4-12.8 12.8v134.4c0 6.4 6.4 12.8 12.8 12.8zM496 400H48V80c0-8.84-7.16-16-16-16H16C7.16 64 0 71.16 0 80v336c0 17.67 14.33 32 32 32h464c8.84 0 16-7.16 16-16v-16c0-8.84-7.16-16-16-16zm-387.2-48h22.4c6.4 0 12.8-6.4 12.8-12.8v-70.4c0-6.4-6.4-12.8-12.8-12.8h-22.4c-6.4 0-12.8 6.4-12.8 12.8v70.4c0 6.4 6.4 12.8 12.8 12.8z\" class=\"\"><\/path><\/svg><\/i> <img loading=\"lazy\" decoding=\"async\" width=\"16\" height=\"16\" alt=\"Loading\" src=\"https:\/\/i0.wp.com\/motricidade.com\/bocciaescola\/wp-content\/plugins\/page-views-count\/ajax-loader-2x.gif?resize=16%2C16&#038;ssl=1\" border=0 data-recalc-dims=\"1\" \/><\/p><div class=\"pvc_clear\"><\/div>","protected":false},"excerpt":{"rendered":"<p>Informa\u00e7\u00e3o arrumada por m\u00eas e por categorias\/temas:<\/p>\n<div class=\"pvc_clear\"><\/div>\n<p id=\"pvc_stats_789\" class=\"pvc_stats all  \" data-element-id=\"789\" style=\"\"><i class=\"pvc-stats-icon medium\" aria-hidden=\"true\"><svg aria-hidden=\"true\" focusable=\"false\" data-prefix=\"far\" data-icon=\"chart-bar\" role=\"img\" xmlns=\"http:\/\/www.w3.org\/2000\/svg\" viewBox=\"0 0 512 512\" class=\"svg-inline--fa fa-chart-bar fa-w-16 fa-2x\"><path fill=\"currentColor\" d=\"M396.8 352h22.4c6.4 0 12.8-6.4 12.8-12.8V108.8c0-6.4-6.4-12.8-12.8-12.8h-22.4c-6.4 0-12.8 6.4-12.8 12.8v230.4c0 6.4 6.4 12.8 12.8 12.8zm-192 0h22.4c6.4 0 12.8-6.4 12.8-12.8V140.8c0-6.4-6.4-12.8-12.8-12.8h-22.4c-6.4 0-12.8 6.4-12.8 12.8v198.4c0 6.4 6.4 12.8 12.8 12.8zm96 0h22.4c6.4 0 12.8-6.4 12.8-12.8V204.8c0-6.4-6.4-12.8-12.8-12.8h-22.4c-6.4 0-12.8 6.4-12.8 12.8v134.4c0 6.4 6.4 12.8 12.8 12.8zM496 400H48V80c0-8.84-7.16-16-16-16H16C7.16 64 0 71.16 0 80v336c0 17.67 14.33 32 32 32h464c8.84 0 16-7.16 16-16v-16c0-8.84-7.16-16-16-16zm-387.2-48h22.4c6.4 0 12.8-6.4 12.8-12.8v-70.4c0-6.4-6.4-12.8-12.8-12.8h-22.4c-6.4 0-12.8 6.4-12.8 12.8v70.4c0 6.4 6.4 12.8 12.8 12.8z\" class=\"\"><\/path><\/svg><\/i> <img loading=\"lazy\" decoding=\"async\" width=\"16\" height=\"16\" alt=\"Loading\" src=\"https:\/\/motricidade.com\/bocciaescola\/wp-content\/plugins\/page-views-count\/ajax-loader-2x.gif\" border=0 \/><\/p>\n<div class=\"pvc_clear\"><\/div>\n","protected":false},"author":1,"featured_media":0,"parent":0,"menu_order":0,"comment_status":"closed","ping_status":"closed","template":"templates\/template_page-full-width.php","meta":{"_uag_custom_page_level_css":"","advanced_seo_description":"","jetpack_seo_html_title":"","jetpack_seo_noindex":false,"footnotes":""},"class_list":["post-789","page","type-page","status-publish","hentry"],"uagb_featured_image_src":{"full":false,"thumbnail":false,"medium":false,"medium_large":false,"large":false,"1536x1536":false,"2048x2048":false},"uagb_author_info":{"display_name":"motricidade","author_link":"https:\/\/motricidade.com\/bocciaescola\/author\/motricidade\/"},"uagb_comment_info":0,"uagb_excerpt":"Informa\u00e7\u00e3o arrumada por m\u00eas e por categorias\/temas:","jetpack-related-posts":[],"jetpack_sharing_enabled":true,"_links":{"self":[{"href":"https:\/\/motricidade.com\/bocciaescola\/wp-json\/wp\/v2\/pages\/789","targetHints":{"allow":["GET"]}}],"collection":[{"href":"https:\/\/motricidade.com\/bocciaescola\/wp-json\/wp\/v2\/pages"}],"about":[{"href":"https:\/\/motricidade.com\/bocciaescola\/wp-json\/wp\/v2\/types\/page"}],"author":[{"embeddable":true,"href":"https:\/\/motricidade.com\/bocciaescola\/wp-json\/wp\/v2\/users\/1"}],"replies":[{"embeddable":true,"href":"https:\/\/motricidade.com\/bocciaescola\/wp-json\/wp\/v2\/comments?post=789"}],"version-history":[{"count":17,"href":"https:\/\/motricidade.com\/bocciaescola\/wp-json\/wp\/v2\/pages\/789\/revisions"}],"predecessor-version":[{"id":826,"href":"https:\/\/motricidade.com\/bocciaescola\/wp-json\/wp\/v2\/pages\/789\/revisions\/826"}],"wp:attachment":[{"href":"https:\/\/motricidade.com\/bocciaescola\/wp-json\/wp\/v2\/media?parent=789"}],"curies":[{"name":"wp","href":"https:\/\/api.w.org\/{rel}","templated":true}]}}