{"id":844,"date":"2023-12-02T17:17:39","date_gmt":"2023-12-02T17:17:39","guid":{"rendered":"https:\/\/motricidade.com\/bocciaescola\/?page_id=844"},"modified":"2023-12-02T17:45:34","modified_gmt":"2023-12-02T17:45:34","slug":"mala-de-prova","status":"publish","type":"page","link":"https:\/\/motricidade.com\/bocciaescola\/mala-de-prova\/","title":{"rendered":"Mala de Prova"},"content":{"rendered":"\n<div class=\"wp-block-group alignfull has-background\" style=\"background-color:#151515\"><div class=\"wp-block-group__inner-container is-layout-constrained wp-block-group-is-layout-constrained\">\n<div class=\"wp-block-columns is-layout-flex wp-container-core-columns-is-layout-9d6595d7 wp-block-columns-is-layout-flex\">\n<div class=\"wp-block-column is-layout-flow wp-block-column-is-layout-flow\">\n<figure class=\"wp-block-image size-full is-style-default\"><img loading=\"lazy\" decoding=\"async\" width=\"512\" height=\"512\" data-attachment-id=\"841\" data-permalink=\"https:\/\/motricidade.com\/bocciaescola\/entrada\/1-3\/\" data-orig-file=\"https:\/\/i0.wp.com\/motricidade.com\/bocciaescola\/wp-content\/uploads\/2023\/12\/1-3.jpg?fit=512%2C512&amp;ssl=1\" data-orig-size=\"512,512\" data-comments-opened=\"1\" data-image-meta=\"{&quot;aperture&quot;:&quot;0&quot;,&quot;credit&quot;:&quot;&quot;,&quot;camera&quot;:&quot;&quot;,&quot;caption&quot;:&quot;&quot;,&quot;created_timestamp&quot;:&quot;0&quot;,&quot;copyright&quot;:&quot;&quot;,&quot;focal_length&quot;:&quot;0&quot;,&quot;iso&quot;:&quot;0&quot;,&quot;shutter_speed&quot;:&quot;0&quot;,&quot;title&quot;:&quot;&quot;,&quot;orientation&quot;:&quot;1&quot;}\" data-image-title=\"1-3\" data-image-description=\"\" data-image-caption=\"\" data-medium-file=\"https:\/\/i0.wp.com\/motricidade.com\/bocciaescola\/wp-content\/uploads\/2023\/12\/1-3.jpg?fit=300%2C300&amp;ssl=1\" data-large-file=\"https:\/\/i0.wp.com\/motricidade.com\/bocciaescola\/wp-content\/uploads\/2023\/12\/1-3.jpg?fit=512%2C512&amp;ssl=1\" src=\"https:\/\/i0.wp.com\/motricidade.com\/bocciaescola\/wp-content\/uploads\/2023\/12\/1-3.jpg?resize=512%2C512&#038;ssl=1\" alt=\"\" class=\"wp-image-841\" srcset=\"https:\/\/i0.wp.com\/motricidade.com\/bocciaescola\/wp-content\/uploads\/2023\/12\/1-3.jpg?w=512&amp;ssl=1 512w, https:\/\/i0.wp.com\/motricidade.com\/bocciaescola\/wp-content\/uploads\/2023\/12\/1-3.jpg?resize=300%2C300&amp;ssl=1 300w, https:\/\/i0.wp.com\/motricidade.com\/bocciaescola\/wp-content\/uploads\/2023\/12\/1-3.jpg?resize=150%2C150&amp;ssl=1 150w\" sizes=\"auto, (max-width: 512px) 100vw, 512px\" data-recalc-dims=\"1\" \/><\/figure>\n\n\n\n<h4 class=\"wp-block-heading has-text-color\" style=\"color:#ffffff\">Mala de Prova<\/h4>\n\n\n\n<div class=\"wp-block-buttons is-content-justification-center is-layout-flex wp-container-core-buttons-is-layout-16018d1d wp-block-buttons-is-layout-flex\">\n<div class=\"wp-block-button\"><a class=\"wp-block-button__link has-luminous-vivid-orange-background-color has-background wp-element-button\" href=\"https:\/\/motricidade.com\/boccia\/mala-de-prova-exemplo\/exemplo_mal_de_prova.zip\" target=\"_blank\" rel=\"noreferrer noopener\">Ficheiro Zipado<\/a><\/div>\n<\/div>\n\n\n\n<p class=\"has-text-color\" style=\"color:#ffffff\">V\u00e1rios documentos: cheklist; Projeto do Encontro; Ficha de inscri\u00e7\u00e3o,&#8230;<\/p>\n<\/div>\n\n\n\n<div class=\"wp-block-column is-layout-flow wp-block-column-is-layout-flow\">\n<figure class=\"wp-block-image size-full is-style-default\"><img loading=\"lazy\" decoding=\"async\" width=\"512\" height=\"512\" data-attachment-id=\"848\" data-permalink=\"https:\/\/motricidade.com\/bocciaescola\/mala-de-prova\/1-4\/\" data-orig-file=\"https:\/\/i0.wp.com\/motricidade.com\/bocciaescola\/wp-content\/uploads\/2023\/12\/1-4.jpg?fit=512%2C512&amp;ssl=1\" data-orig-size=\"512,512\" data-comments-opened=\"1\" data-image-meta=\"{&quot;aperture&quot;:&quot;0&quot;,&quot;credit&quot;:&quot;&quot;,&quot;camera&quot;:&quot;&quot;,&quot;caption&quot;:&quot;&quot;,&quot;created_timestamp&quot;:&quot;0&quot;,&quot;copyright&quot;:&quot;&quot;,&quot;focal_length&quot;:&quot;0&quot;,&quot;iso&quot;:&quot;0&quot;,&quot;shutter_speed&quot;:&quot;0&quot;,&quot;title&quot;:&quot;&quot;,&quot;orientation&quot;:&quot;1&quot;}\" data-image-title=\"1-4\" data-image-description=\"\" data-image-caption=\"\" data-medium-file=\"https:\/\/i0.wp.com\/motricidade.com\/bocciaescola\/wp-content\/uploads\/2023\/12\/1-4.jpg?fit=300%2C300&amp;ssl=1\" data-large-file=\"https:\/\/i0.wp.com\/motricidade.com\/bocciaescola\/wp-content\/uploads\/2023\/12\/1-4.jpg?fit=512%2C512&amp;ssl=1\" src=\"https:\/\/i0.wp.com\/motricidade.com\/bocciaescola\/wp-content\/uploads\/2023\/12\/1-4.jpg?resize=512%2C512&#038;ssl=1\" alt=\"\" class=\"wp-image-848\" srcset=\"https:\/\/i0.wp.com\/motricidade.com\/bocciaescola\/wp-content\/uploads\/2023\/12\/1-4.jpg?w=512&amp;ssl=1 512w, https:\/\/i0.wp.com\/motricidade.com\/bocciaescola\/wp-content\/uploads\/2023\/12\/1-4.jpg?resize=300%2C300&amp;ssl=1 300w, https:\/\/i0.wp.com\/motricidade.com\/bocciaescola\/wp-content\/uploads\/2023\/12\/1-4.jpg?resize=150%2C150&amp;ssl=1 150w\" sizes=\"auto, (max-width: 512px) 100vw, 512px\" data-recalc-dims=\"1\" \/><\/figure>\n\n\n\n<h4 class=\"wp-block-heading has-text-color\" style=\"color:#ffffff\">Medidas do Campo<\/h4>\n\n\n\n<div class=\"wp-block-buttons is-content-justification-center is-layout-flex wp-container-core-buttons-is-layout-16018d1d wp-block-buttons-is-layout-flex\">\n<div class=\"wp-block-button\"><a class=\"wp-block-button__link has-luminous-vivid-orange-background-color has-background wp-element-button\" href=\"http:\/\/motricidade.com\/boccia\/DOCUMENTOS-APOIO-GERAL\/campos\/Marcacao-dos-campos.pdf\" target=\"_blank\" rel=\"noreferrer noopener\">Download<\/a><\/div>\n<\/div>\n\n\n\n<p class=\"has-text-color\" style=\"color:#ffffff\">Construir o campo de Boccia<\/p>\n<\/div>\n\n\n\n<div class=\"wp-block-column is-layout-flow wp-block-column-is-layout-flow\"><div class=\"wp-block-image is-style-default\">\n<figure class=\"aligncenter size-full is-resized\"><img loading=\"lazy\" decoding=\"async\" width=\"512\" height=\"512\" data-attachment-id=\"849\" data-permalink=\"https:\/\/motricidade.com\/bocciaescola\/mala-de-prova\/2-3\/\" data-orig-file=\"https:\/\/i0.wp.com\/motricidade.com\/bocciaescola\/wp-content\/uploads\/2023\/12\/2-3.jpg?fit=512%2C512&amp;ssl=1\" data-orig-size=\"512,512\" data-comments-opened=\"1\" data-image-meta=\"{&quot;aperture&quot;:&quot;0&quot;,&quot;credit&quot;:&quot;&quot;,&quot;camera&quot;:&quot;&quot;,&quot;caption&quot;:&quot;&quot;,&quot;created_timestamp&quot;:&quot;0&quot;,&quot;copyright&quot;:&quot;&quot;,&quot;focal_length&quot;:&quot;0&quot;,&quot;iso&quot;:&quot;0&quot;,&quot;shutter_speed&quot;:&quot;0&quot;,&quot;title&quot;:&quot;&quot;,&quot;orientation&quot;:&quot;1&quot;}\" data-image-title=\"2-3\" data-image-description=\"\" data-image-caption=\"\" data-medium-file=\"https:\/\/i0.wp.com\/motricidade.com\/bocciaescola\/wp-content\/uploads\/2023\/12\/2-3.jpg?fit=300%2C300&amp;ssl=1\" data-large-file=\"https:\/\/i0.wp.com\/motricidade.com\/bocciaescola\/wp-content\/uploads\/2023\/12\/2-3.jpg?fit=512%2C512&amp;ssl=1\" src=\"https:\/\/i0.wp.com\/motricidade.com\/bocciaescola\/wp-content\/uploads\/2023\/12\/2-3.jpg?resize=512%2C512&#038;ssl=1\" alt=\"\" class=\"wp-image-849\" style=\"width:274px;height:auto\" srcset=\"https:\/\/i0.wp.com\/motricidade.com\/bocciaescola\/wp-content\/uploads\/2023\/12\/2-3.jpg?w=512&amp;ssl=1 512w, https:\/\/i0.wp.com\/motricidade.com\/bocciaescola\/wp-content\/uploads\/2023\/12\/2-3.jpg?resize=300%2C300&amp;ssl=1 300w, https:\/\/i0.wp.com\/motricidade.com\/bocciaescola\/wp-content\/uploads\/2023\/12\/2-3.jpg?resize=150%2C150&amp;ssl=1 150w\" sizes=\"auto, (max-width: 512px) 100vw, 512px\" data-recalc-dims=\"1\" \/><\/figure>\n<\/div>\n\n\n<h4 class=\"wp-block-heading has-text-color\" style=\"color:#ffffff\">Software de gest\u00e3o do Encontro<\/h4>\n\n\n\n<div class=\"wp-block-buttons is-content-justification-center is-layout-flex wp-container-core-buttons-is-layout-16018d1d wp-block-buttons-is-layout-flex\">\n<div class=\"wp-block-button\"><a class=\"wp-block-button__link has-luminous-vivid-orange-background-color has-background wp-element-button\" href=\"https:\/\/motricidade.com\/bocciaescola\/2022\/09\/08\/softboccia-6x6-12-equipas\/\">Saber Mais&#8230;<\/a><\/div>\n<\/div>\n\n\n\n<p class=\"has-text-color\" style=\"color:#ffffff\">6&#215;6<\/p>\n<\/div>\n<\/div>\n<\/div><\/div>\n<div class=\"pvc_clear\"><\/div><p id=\"pvc_stats_844\" class=\"pvc_stats all  \" data-element-id=\"844\" style=\"\"><i class=\"pvc-stats-icon medium\" aria-hidden=\"true\"><svg aria-hidden=\"true\" focusable=\"false\" data-prefix=\"far\" data-icon=\"chart-bar\" role=\"img\" xmlns=\"http:\/\/www.w3.org\/2000\/svg\" viewBox=\"0 0 512 512\" class=\"svg-inline--fa fa-chart-bar fa-w-16 fa-2x\"><path fill=\"currentColor\" d=\"M396.8 352h22.4c6.4 0 12.8-6.4 12.8-12.8V108.8c0-6.4-6.4-12.8-12.8-12.8h-22.4c-6.4 0-12.8 6.4-12.8 12.8v230.4c0 6.4 6.4 12.8 12.8 12.8zm-192 0h22.4c6.4 0 12.8-6.4 12.8-12.8V140.8c0-6.4-6.4-12.8-12.8-12.8h-22.4c-6.4 0-12.8 6.4-12.8 12.8v198.4c0 6.4 6.4 12.8 12.8 12.8zm96 0h22.4c6.4 0 12.8-6.4 12.8-12.8V204.8c0-6.4-6.4-12.8-12.8-12.8h-22.4c-6.4 0-12.8 6.4-12.8 12.8v134.4c0 6.4 6.4 12.8 12.8 12.8zM496 400H48V80c0-8.84-7.16-16-16-16H16C7.16 64 0 71.16 0 80v336c0 17.67 14.33 32 32 32h464c8.84 0 16-7.16 16-16v-16c0-8.84-7.16-16-16-16zm-387.2-48h22.4c6.4 0 12.8-6.4 12.8-12.8v-70.4c0-6.4-6.4-12.8-12.8-12.8h-22.4c-6.4 0-12.8 6.4-12.8 12.8v70.4c0 6.4 6.4 12.8 12.8 12.8z\" class=\"\"><\/path><\/svg><\/i> <img loading=\"lazy\" decoding=\"async\" width=\"16\" height=\"16\" alt=\"Loading\" src=\"https:\/\/i0.wp.com\/motricidade.com\/bocciaescola\/wp-content\/plugins\/page-views-count\/ajax-loader-2x.gif?resize=16%2C16&#038;ssl=1\" border=0 data-recalc-dims=\"1\" \/><\/p><div class=\"pvc_clear\"><\/div>","protected":false},"excerpt":{"rendered":"<p>Mala de Prova V\u00e1rios documentos: cheklist; Projeto do Encontro; Ficha de inscri\u00e7\u00e3o,&#8230; Medidas do Campo Construir o campo de Boccia Software de gest\u00e3o do Encontro 6&#215;6<\/p>\n<div class=\"pvc_clear\"><\/div>\n<p id=\"pvc_stats_844\" class=\"pvc_stats all  \" data-element-id=\"844\" style=\"\"><i class=\"pvc-stats-icon medium\" aria-hidden=\"true\"><svg aria-hidden=\"true\" focusable=\"false\" data-prefix=\"far\" data-icon=\"chart-bar\" role=\"img\" xmlns=\"http:\/\/www.w3.org\/2000\/svg\" viewBox=\"0 0 512 512\" class=\"svg-inline--fa fa-chart-bar fa-w-16 fa-2x\"><path fill=\"currentColor\" d=\"M396.8 352h22.4c6.4 0 12.8-6.4 12.8-12.8V108.8c0-6.4-6.4-12.8-12.8-12.8h-22.4c-6.4 0-12.8 6.4-12.8 12.8v230.4c0 6.4 6.4 12.8 12.8 12.8zm-192 0h22.4c6.4 0 12.8-6.4 12.8-12.8V140.8c0-6.4-6.4-12.8-12.8-12.8h-22.4c-6.4 0-12.8 6.4-12.8 12.8v198.4c0 6.4 6.4 12.8 12.8 12.8zm96 0h22.4c6.4 0 12.8-6.4 12.8-12.8V204.8c0-6.4-6.4-12.8-12.8-12.8h-22.4c-6.4 0-12.8 6.4-12.8 12.8v134.4c0 6.4 6.4 12.8 12.8 12.8zM496 400H48V80c0-8.84-7.16-16-16-16H16C7.16 64 0 71.16 0 80v336c0 17.67 14.33 32 32 32h464c8.84 0 16-7.16 16-16v-16c0-8.84-7.16-16-16-16zm-387.2-48h22.4c6.4 0 12.8-6.4 12.8-12.8v-70.4c0-6.4-6.4-12.8-12.8-12.8h-22.4c-6.4 0-12.8 6.4-12.8 12.8v70.4c0 6.4 6.4 12.8 12.8 12.8z\" class=\"\"><\/path><\/svg><\/i> <img loading=\"lazy\" decoding=\"async\" width=\"16\" height=\"16\" alt=\"Loading\" src=\"https:\/\/motricidade.com\/bocciaescola\/wp-content\/plugins\/page-views-count\/ajax-loader-2x.gif\" border=0 \/><\/p>\n<div class=\"pvc_clear\"><\/div>\n","protected":false},"author":1,"featured_media":0,"parent":0,"menu_order":0,"comment_status":"closed","ping_status":"closed","template":"","meta":{"_uag_custom_page_level_css":"","advanced_seo_description":"","jetpack_seo_html_title":"","jetpack_seo_noindex":false,"footnotes":""},"class_list":["post-844","page","type-page","status-publish","hentry"],"uagb_featured_image_src":{"full":false,"thumbnail":false,"medium":false,"medium_large":false,"large":false,"1536x1536":false,"2048x2048":false},"uagb_author_info":{"display_name":"motricidade","author_link":"https:\/\/motricidade.com\/bocciaescola\/author\/motricidade\/"},"uagb_comment_info":0,"uagb_excerpt":"Mala de Prova V\u00e1rios documentos: cheklist; Projeto do Encontro; Ficha de inscri\u00e7\u00e3o,&#8230; Medidas do Campo Construir o campo de Boccia Software de gest\u00e3o do Encontro 6&#215;6","jetpack-related-posts":[{"id":230,"url":"https:\/\/motricidade.com\/bocciaescola\/repositorio-deficiencia\/","url_meta":{"origin":844,"position":0},"title":"Reposit\u00f3rio [Desporto Adaptado]","author":"motricidade","date":"Agosto 10, 2022","format":false,"excerpt":"voltar ao \u00edndice principal . #\u00a0Boccia na Escola um Desporto para Todos [visitar o site]. Fonte:\u00a0motricidade.com\/boccia#\u00a0Categorias funcionais no desporto para pessoas com defici\u00eancia [download pdf]. Fonte:\u00a0fpdd.org#\u00a0Inclusion in Physical Education in primary schools in Europe through the lens of an Erasmus+ partnership [visitar o site]. Fonte: tandfonline.com#\u00a0Manuais de Forma\u00e7\u00e3o Geral de\u2026","rel":"","context":"Similar post","block_context":{"text":"Similar post","link":""},"img":{"alt_text":"","src":"https:\/\/i0.wp.com\/motricidade.com\/bocciaescola\/wp-content\/uploads\/2022\/08\/oss2.png?resize=350%2C200&ssl=1","width":350,"height":200,"srcset":"https:\/\/i0.wp.com\/motricidade.com\/bocciaescola\/wp-content\/uploads\/2022\/08\/oss2.png?resize=350%2C200&ssl=1 1x, https:\/\/i0.wp.com\/motricidade.com\/bocciaescola\/wp-content\/uploads\/2022\/08\/oss2.png?resize=525%2C300&ssl=1 1.5x, https:\/\/i0.wp.com\/motricidade.com\/bocciaescola\/wp-content\/uploads\/2022\/08\/oss2.png?resize=700%2C400&ssl=1 2x, https:\/\/i0.wp.com\/motricidade.com\/bocciaescola\/wp-content\/uploads\/2022\/08\/oss2.png?resize=1050%2C600&ssl=1 3x, https:\/\/i0.wp.com\/motricidade.com\/bocciaescola\/wp-content\/uploads\/2022\/08\/oss2.png?resize=1400%2C800&ssl=1 4x"},"classes":[]}],"jetpack_sharing_enabled":true,"_links":{"self":[{"href":"https:\/\/motricidade.com\/bocciaescola\/wp-json\/wp\/v2\/pages\/844","targetHints":{"allow":["GET"]}}],"collection":[{"href":"https:\/\/motricidade.com\/bocciaescola\/wp-json\/wp\/v2\/pages"}],"about":[{"href":"https:\/\/motricidade.com\/bocciaescola\/wp-json\/wp\/v2\/types\/page"}],"author":[{"embeddable":true,"href":"https:\/\/motricidade.com\/bocciaescola\/wp-json\/wp\/v2\/users\/1"}],"replies":[{"embeddable":true,"href":"https:\/\/motricidade.com\/bocciaescola\/wp-json\/wp\/v2\/comments?post=844"}],"version-history":[{"count":5,"href":"https:\/\/motricidade.com\/bocciaescola\/wp-json\/wp\/v2\/pages\/844\/revisions"}],"predecessor-version":[{"id":854,"href":"https:\/\/motricidade.com\/bocciaescola\/wp-json\/wp\/v2\/pages\/844\/revisions\/854"}],"wp:attachment":[{"href":"https:\/\/motricidade.com\/bocciaescola\/wp-json\/wp\/v2\/media?parent=844"}],"curies":[{"name":"wp","href":"https:\/\/api.w.org\/{rel}","templated":true}]}}